{"id":8259,"date":"2020-10-07T11:23:37","date_gmt":"2020-10-07T09:23:37","guid":{"rendered":"https:\/\/solsonacomunicacion.com\/politica-de-privacitat\/"},"modified":"2023-10-10T11:07:04","modified_gmt":"2023-10-10T09:07:04","slug":"politica-de-privacitat","status":"publish","type":"page","link":"https:\/\/solsonacomunicacion.com\/ca\/politica-de-privacitat\/","title":{"rendered":"Pol\u00edtica de Privacitat"},"content":{"rendered":"\t\t<div data-elementor-type=\"wp-page\" data-elementor-id=\"8259\" class=\"elementor elementor-8259 elementor-169\" data-elementor-post-type=\"page\">\n\t\t\t\t\t\t<section class=\"elementor-section elementor-top-section elementor-element elementor-element-d87612c elementor-section-height-min-height elementor-section-boxed elementor-section-height-default elementor-section-items-middle\" data-id=\"d87612c\" data-element_type=\"section\" data-e-type=\"section\">\n\t\t\t\t\t\t<div class=\"elementor-container elementor-column-gap-default\">\n\t\t\t\t\t<div class=\"elementor-column elementor-col-100 elementor-top-column elementor-element elementor-element-2c88bac\" data-id=\"2c88bac\" data-element_type=\"column\" data-e-type=\"column\">\n\t\t\t<div class=\"elementor-widget-wrap elementor-element-populated\">\n\t\t\t\t\t\t<div class=\"elementor-element elementor-element-b15f412 elementor-widget elementor-widget-heading\" data-id=\"b15f412\" data-element_type=\"widget\" data-e-type=\"widget\" data-widget_type=\"heading.default\">\n\t\t\t\t<div class=\"elementor-widget-container\">\n\t\t\t\t\t<h4 class=\"elementor-heading-title elementor-size-default\">Pol\u00edtica de Privacitat<\/h4>\t\t\t\t<\/div>\n\t\t\t\t<\/div>\n\t\t\t\t<div class=\"elementor-element elementor-element-6eb96d3 elementor-widget elementor-widget-text-editor\" data-id=\"6eb96d3\" data-element_type=\"widget\" data-e-type=\"widget\" data-widget_type=\"text-editor.default\">\n\t\t\t\t<div class=\"elementor-widget-container\">\n\t\t\t\t\t\t\t\t\tDe conformitat amb el que s&#8217;estableix en la normativa vigent en Protecci\u00f3 de Dades de Car\u00e0cter Personal, l&#8217;informem que les seves dades seran incorporades al sistema de tractament titularitat de SOLSONA COMUNICACI\u00d3N SL amb CIF B61755633 i domicili social situat en ENRIC GRANADOS 145, 2n 1a 08008, BARCELONA, amb la finalitat de poder atendre els compromisos derivats de la relaci\u00f3 que mantenim amb vost\u00e8. En compliment amb la normativa vigent, SOLSONA COMUNICACI\u00d3N SL informa que les dades seran conservades durant el termini estrictament necessari per a complir amb els preceptes esmentats amb anterioritat.\r\n\r\nL&#8217;informem que el tractament de les seves dades est\u00e0 legitimat pel seu consentiment.\r\n\r\nSOLSONA COMUNICACI\u00d3N SL informa que procedir\u00e0 a tractar les dades de manera l\u00edcita, lleial, transparent, adequada, pertinent, limitada, exacta i actualitzada. \u00c9s per aix\u00f2 que SOLSONA COMUNICACI\u00d3N SL es compromet a adoptar totes les mesures raonables perqu\u00e8 aquestes se suprimeixin o rectifiquin sense dilaci\u00f3 quan siguin inexactes.\r\n\r\nD&#8217;acord amb els drets que li confereix la normativa vigent en protecci\u00f3 de dades podr\u00e0 exercir els drets d&#8217;acc\u00e9s, rectificaci\u00f3, limitaci\u00f3 de tractament, supressi\u00f3, portabilitat i oposici\u00f3 al tractament de les seves dades de car\u00e0cter personal aix\u00ed com del consentiment prestat per al tractament d&#8217;aquestes, dirigint la seva petici\u00f3 a l&#8217;adre\u00e7a postal indicada m\u00e9s amunt o al correu electr\u00f2nic info@solsonacomunicacion.com\r\n\r\nAix\u00ed mateix i d&#8217;acord amb el que s&#8217;estableix en la Llei 34\/2002, d&#8217;11 de juliol, de Serveis de la Societat de la Informaci\u00f3 i de Comer\u00e7 Electr\u00f2nic, en el seu article 21, sol\u00b7licitem tamb\u00e9 el seu consentiment expr\u00e9s per a enviar-li publicitat dels nostres productes o promocions que considerem puguin ser del seu inter\u00e8s, per correu electr\u00f2nic o per qualsevol altre mitj\u00e0 de comunicaci\u00f3 electr\u00f2nica equivalent.\r\n\r\nSOLSONA COMUNICACI\u00d3N SL. L&#8217;informem que podr\u00e0 revocar en qualsevol moment el consentiment prestat a la recepci\u00f3 de comunicacions comercials enviant un e-mail a l&#8217;adre\u00e7a de correu electr\u00f2nic: info@solsonacomunicacion.com\t\t\t\t\t\t\t\t<\/div>\n\t\t\t\t<\/div>\n\t\t\t\t\t<\/div>\n\t\t<\/div>\n\t\t\t\t\t<\/div>\n\t\t<\/section>\n\t\t\t\t<\/div>\n\t\t","protected":false},"excerpt":{"rendered":"<p>Pol\u00edtica de Privacitat De conformitat amb el que s&#8217;estableix en la normativa vigent en Protecci\u00f3 de Dades de Car\u00e0cter Personal, l&#8217;informem que les seves dades seran incorporades al sistema de tractament titularitat de SOLSONA COMUNICACI\u00d3N SL amb CIF B61755633 i domicili social situat en ENRIC GRANADOS 145, 2n 1a 08008, BARCELONA, amb la finalitat de [&hellip;]<\/p>\n","protected":false},"author":1,"featured_media":0,"parent":0,"menu_order":5,"comment_status":"closed","ping_status":"closed","template":"","meta":{"_acf_changed":false,"advgb_blocks_editor_width":"","advgb_blocks_columns_visual_guide":"","footnotes":""},"class_list":["post-8259","page","type-page","status-publish","hentry"],"acf":[],"yoast_head":"<!-- This site is optimized with the Yoast SEO plugin v27.4 - https:\/\/yoast.com\/product\/yoast-seo-wordpress\/ -->\n<title>Pol\u00edtica de Privacitat - Solsona Comunicaci\u00f3n<\/title>\n<meta name=\"robots\" content=\"index, follow, max-snippet:-1, max-image-preview:large, max-video-preview:-1\" \/>\n<link rel=\"canonical\" href=\"https:\/\/solsonacomunicacion.com\/ca\/politica-de-privacitat\/\" \/>\n<meta property=\"og:locale\" content=\"ca_ES\" \/>\n<meta property=\"og:type\" content=\"article\" \/>\n<meta property=\"og:title\" content=\"Pol\u00edtica de Privacitat - Solsona Comunicaci\u00f3n\" \/>\n<meta property=\"og:description\" content=\"Pol\u00edtica de Privacitat De conformitat amb el que s&#8217;estableix en la normativa vigent en Protecci\u00f3 de Dades de Car\u00e0cter Personal, l&#8217;informem que les seves dades seran incorporades al sistema de tractament titularitat de SOLSONA COMUNICACI\u00d3N SL amb CIF B61755633 i domicili social situat en ENRIC GRANADOS 145, 2n 1a 08008, BARCELONA, amb la finalitat de [&hellip;]\" \/>\n<meta property=\"og:url\" content=\"https:\/\/solsonacomunicacion.com\/ca\/politica-de-privacitat\/\" \/>\n<meta property=\"og:site_name\" content=\"Solsona Comunicaci\u00f3n\" \/>\n<meta property=\"article:modified_time\" content=\"2023-10-10T09:07:04+00:00\" \/>\n<meta name=\"twitter:card\" content=\"summary_large_image\" \/>\n<meta name=\"twitter:label1\" content=\"Temps estimat de lectura\" \/>\n\t<meta name=\"twitter:data1\" content=\"2 minuts\" \/>\n<script type=\"application\/ld+json\" class=\"yoast-schema-graph\">{\"@context\":\"https:\\\/\\\/schema.org\",\"@graph\":[{\"@type\":\"WebPage\",\"@id\":\"https:\\\/\\\/solsonacomunicacion.com\\\/ca\\\/politica-de-privacitat\\\/\",\"url\":\"https:\\\/\\\/solsonacomunicacion.com\\\/ca\\\/politica-de-privacitat\\\/\",\"name\":\"Pol\u00edtica de Privacitat - Solsona Comunicaci\u00f3n\",\"isPartOf\":{\"@id\":\"https:\\\/\\\/solsonacomunicacion.com\\\/ca\\\/#website\"},\"datePublished\":\"2020-10-07T09:23:37+00:00\",\"dateModified\":\"2023-10-10T09:07:04+00:00\",\"breadcrumb\":{\"@id\":\"https:\\\/\\\/solsonacomunicacion.com\\\/ca\\\/politica-de-privacitat\\\/#breadcrumb\"},\"inLanguage\":\"ca\",\"potentialAction\":[{\"@type\":\"ReadAction\",\"target\":[\"https:\\\/\\\/solsonacomunicacion.com\\\/ca\\\/politica-de-privacitat\\\/\"]}]},{\"@type\":\"BreadcrumbList\",\"@id\":\"https:\\\/\\\/solsonacomunicacion.com\\\/ca\\\/politica-de-privacitat\\\/#breadcrumb\",\"itemListElement\":[{\"@type\":\"ListItem\",\"position\":1,\"name\":\"Home\",\"item\":\"https:\\\/\\\/solsonacomunicacion.com\\\/ca\\\/\"},{\"@type\":\"ListItem\",\"position\":2,\"name\":\"Pol\u00edtica de Privacitat\"}]},{\"@type\":\"WebSite\",\"@id\":\"https:\\\/\\\/solsonacomunicacion.com\\\/ca\\\/#website\",\"url\":\"https:\\\/\\\/solsonacomunicacion.com\\\/ca\\\/\",\"name\":\"Solsona Comunicaci\u00f3n\",\"description\":\"Agencia global de comunicaci\u00f3n y relaciones p\u00fablicas que colabora en la construcci\u00f3n e implantaci\u00f3n de s\u00f3lidas estrategias, con el objetivo de aportar valor a las distintas empresas y organizaciones con las que colabora.\",\"publisher\":{\"@id\":\"https:\\\/\\\/solsonacomunicacion.com\\\/ca\\\/#organization\"},\"potentialAction\":[{\"@type\":\"SearchAction\",\"target\":{\"@type\":\"EntryPoint\",\"urlTemplate\":\"https:\\\/\\\/solsonacomunicacion.com\\\/ca\\\/?s={search_term_string}\"},\"query-input\":{\"@type\":\"PropertyValueSpecification\",\"valueRequired\":true,\"valueName\":\"search_term_string\"}}],\"inLanguage\":\"ca\"},{\"@type\":\"Organization\",\"@id\":\"https:\\\/\\\/solsonacomunicacion.com\\\/ca\\\/#organization\",\"name\":\"Solsona Comunicaci\u00f3n\",\"url\":\"https:\\\/\\\/solsonacomunicacion.com\\\/ca\\\/\",\"logo\":{\"@type\":\"ImageObject\",\"inLanguage\":\"ca\",\"@id\":\"https:\\\/\\\/solsonacomunicacion.com\\\/ca\\\/#\\\/schema\\\/logo\\\/image\\\/\",\"url\":\"https:\\\/\\\/solsonacomunicacion.com\\\/wp-content\\\/uploads\\\/2020\\\/10\\\/Logo-blanco-web-1.png\",\"contentUrl\":\"https:\\\/\\\/solsonacomunicacion.com\\\/wp-content\\\/uploads\\\/2020\\\/10\\\/Logo-blanco-web-1.png\",\"width\":1642,\"height\":455,\"caption\":\"Solsona Comunicaci\u00f3n\"},\"image\":{\"@id\":\"https:\\\/\\\/solsonacomunicacion.com\\\/ca\\\/#\\\/schema\\\/logo\\\/image\\\/\"}}]}<\/script>\n<!-- \/ Yoast SEO plugin. -->","yoast_head_json":{"title":"Pol\u00edtica de Privacitat - Solsona Comunicaci\u00f3n","robots":{"index":"index","follow":"follow","max-snippet":"max-snippet:-1","max-image-preview":"max-image-preview:large","max-video-preview":"max-video-preview:-1"},"canonical":"https:\/\/solsonacomunicacion.com\/ca\/politica-de-privacitat\/","og_locale":"ca_ES","og_type":"article","og_title":"Pol\u00edtica de Privacitat - Solsona Comunicaci\u00f3n","og_description":"Pol\u00edtica de Privacitat De conformitat amb el que s&#8217;estableix en la normativa vigent en Protecci\u00f3 de Dades de Car\u00e0cter Personal, l&#8217;informem que les seves dades seran incorporades al sistema de tractament titularitat de SOLSONA COMUNICACI\u00d3N SL amb CIF B61755633 i domicili social situat en ENRIC GRANADOS 145, 2n 1a 08008, BARCELONA, amb la finalitat de [&hellip;]","og_url":"https:\/\/solsonacomunicacion.com\/ca\/politica-de-privacitat\/","og_site_name":"Solsona Comunicaci\u00f3n","article_modified_time":"2023-10-10T09:07:04+00:00","twitter_card":"summary_large_image","twitter_misc":{"Temps estimat de lectura":"2 minuts"},"schema":{"@context":"https:\/\/schema.org","@graph":[{"@type":"WebPage","@id":"https:\/\/solsonacomunicacion.com\/ca\/politica-de-privacitat\/","url":"https:\/\/solsonacomunicacion.com\/ca\/politica-de-privacitat\/","name":"Pol\u00edtica de Privacitat - Solsona Comunicaci\u00f3n","isPartOf":{"@id":"https:\/\/solsonacomunicacion.com\/ca\/#website"},"datePublished":"2020-10-07T09:23:37+00:00","dateModified":"2023-10-10T09:07:04+00:00","breadcrumb":{"@id":"https:\/\/solsonacomunicacion.com\/ca\/politica-de-privacitat\/#breadcrumb"},"inLanguage":"ca","potentialAction":[{"@type":"ReadAction","target":["https:\/\/solsonacomunicacion.com\/ca\/politica-de-privacitat\/"]}]},{"@type":"BreadcrumbList","@id":"https:\/\/solsonacomunicacion.com\/ca\/politica-de-privacitat\/#breadcrumb","itemListElement":[{"@type":"ListItem","position":1,"name":"Home","item":"https:\/\/solsonacomunicacion.com\/ca\/"},{"@type":"ListItem","position":2,"name":"Pol\u00edtica de Privacitat"}]},{"@type":"WebSite","@id":"https:\/\/solsonacomunicacion.com\/ca\/#website","url":"https:\/\/solsonacomunicacion.com\/ca\/","name":"Solsona Comunicaci\u00f3n","description":"Agencia global de comunicaci\u00f3n y relaciones p\u00fablicas que colabora en la construcci\u00f3n e implantaci\u00f3n de s\u00f3lidas estrategias, con el objetivo de aportar valor a las distintas empresas y organizaciones con las que colabora.","publisher":{"@id":"https:\/\/solsonacomunicacion.com\/ca\/#organization"},"potentialAction":[{"@type":"SearchAction","target":{"@type":"EntryPoint","urlTemplate":"https:\/\/solsonacomunicacion.com\/ca\/?s={search_term_string}"},"query-input":{"@type":"PropertyValueSpecification","valueRequired":true,"valueName":"search_term_string"}}],"inLanguage":"ca"},{"@type":"Organization","@id":"https:\/\/solsonacomunicacion.com\/ca\/#organization","name":"Solsona Comunicaci\u00f3n","url":"https:\/\/solsonacomunicacion.com\/ca\/","logo":{"@type":"ImageObject","inLanguage":"ca","@id":"https:\/\/solsonacomunicacion.com\/ca\/#\/schema\/logo\/image\/","url":"https:\/\/solsonacomunicacion.com\/wp-content\/uploads\/2020\/10\/Logo-blanco-web-1.png","contentUrl":"https:\/\/solsonacomunicacion.com\/wp-content\/uploads\/2020\/10\/Logo-blanco-web-1.png","width":1642,"height":455,"caption":"Solsona Comunicaci\u00f3n"},"image":{"@id":"https:\/\/solsonacomunicacion.com\/ca\/#\/schema\/logo\/image\/"}}]}},"coauthors":[],"author_meta":{"author_link":"https:\/\/solsonacomunicacion.com\/ca\/author\/websalia\/","display_name":"websalia"},"relative_dates":{"created":"Posted 6 anys ago","modified":"Updated 3 anys ago"},"absolute_dates":{"created":"Posted on 7 d'octubre de 2020","modified":"Updated on 10 d'octubre de 2023"},"absolute_dates_time":{"created":"Posted on 7 d'octubre de 2020 11:23","modified":"Updated on 10 d'octubre de 2023 11:07"},"featured_img_caption":"","featured_img":false,"series_order":"","_links":{"self":[{"href":"https:\/\/solsonacomunicacion.com\/ca\/wp-json\/wp\/v2\/pages\/8259","targetHints":{"allow":["GET"]}}],"collection":[{"href":"https:\/\/solsonacomunicacion.com\/ca\/wp-json\/wp\/v2\/pages"}],"about":[{"href":"https:\/\/solsonacomunicacion.com\/ca\/wp-json\/wp\/v2\/types\/page"}],"author":[{"embeddable":true,"href":"https:\/\/solsonacomunicacion.com\/ca\/wp-json\/wp\/v2\/users\/1"}],"replies":[{"embeddable":true,"href":"https:\/\/solsonacomunicacion.com\/ca\/wp-json\/wp\/v2\/comments?post=8259"}],"version-history":[{"count":6,"href":"https:\/\/solsonacomunicacion.com\/ca\/wp-json\/wp\/v2\/pages\/8259\/revisions"}],"predecessor-version":[{"id":9311,"href":"https:\/\/solsonacomunicacion.com\/ca\/wp-json\/wp\/v2\/pages\/8259\/revisions\/9311"}],"wp:attachment":[{"href":"https:\/\/solsonacomunicacion.com\/ca\/wp-json\/wp\/v2\/media?parent=8259"}],"curies":[{"name":"wp","href":"https:\/\/api.w.org\/{rel}","templated":true}]}}

Política de Privacitat

<div data-elementor-type="wp-page" data-elementor-id="8259" class="elementor elementor-8259 elementor-169" data-elementor-post-type="page">
						<section class="elementor-section elementor-top-section elementor-element elementor-element-d87612c elementor-section-height-min-height elementor-section-boxed elementor-section-height-default elementor-section-items-middle" data-id="d87612c" data-element_type="section" data-e-type="section">
						<div class="elementor-container elementor-column-gap-default">
					<div class="elementor-column elementor-col-100 elementor-top-column elementor-element elementor-element-2c88bac" data-id="2c88bac" data-element_type="column" data-e-type="column">
			<div class="elementor-widget-wrap elementor-element-populated">
						<div class="elementor-element elementor-element-b15f412 elementor-widget elementor-widget-heading" data-id="b15f412" data-element_type="widget" data-e-type="widget" data-widget_type="heading.default">
				<div class="elementor-widget-container">
					<h4 class="elementor-heading-title elementor-size-default">Política de Privacitat</h4>				</div>
				</div>
				<div class="elementor-element elementor-element-6eb96d3 elementor-widget elementor-widget-text-editor" data-id="6eb96d3" data-element_type="widget" data-e-type="widget" data-widget_type="text-editor.default">
				<div class="elementor-widget-container">
									De conformitat amb el que s&#8217;estableix en la normativa vigent en Protecció de Dades de Caràcter Personal, l&#8217;informem que les seves dades seran incorporades al sistema de tractament titularitat de SOLSONA COMUNICACIÓN SL amb CIF B61755633 i domicili social situat en ENRIC GRANADOS 145, 2n 1a 08008, BARCELONA, amb la finalitat de poder atendre els compromisos derivats de la relació que mantenim amb vostè. En compliment amb la normativa vigent, SOLSONA COMUNICACIÓN SL informa que les dades seran conservades durant el termini estrictament necessari per a complir amb els preceptes esmentats amb anterioritat.

L&#8217;informem que el tractament de les seves dades està legitimat pel seu consentiment.

SOLSONA COMUNICACIÓN SL informa que procedirà a tractar les dades de manera lícita, lleial, transparent, adequada, pertinent, limitada, exacta i actualitzada. És per això que SOLSONA COMUNICACIÓN SL es compromet a adoptar totes les mesures raonables perquè aquestes se suprimeixin o rectifiquin sense dilació quan siguin inexactes.

D&#8217;acord amb els drets que li confereix la normativa vigent en protecció de dades podrà exercir els drets d&#8217;accés, rectificació, limitació de tractament, supressió, portabilitat i oposició al tractament de les seves dades de caràcter personal així com del consentiment prestat per al tractament d&#8217;aquestes, dirigint la seva petició a l&#8217;adreça postal indicada més amunt o al correu electrònic info@solsonacomunicacion.com

Així mateix i d&#8217;acord amb el que s&#8217;estableix en la Llei 34/2002, d&#8217;11 de juliol, de Serveis de la Societat de la Informació i de Comerç Electrònic, en el seu article 21, sol·licitem també el seu consentiment exprés per a enviar-li publicitat dels nostres productes o promocions que considerem puguin ser del seu interès, per correu electrònic o per qualsevol altre mitjà de comunicació electrònica equivalent.

SOLSONA COMUNICACIÓN SL. L&#8217;informem que podrà revocar en qualsevol moment el consentiment prestat a la recepció de comunicacions comercials enviant un e-mail a l&#8217;adreça de correu electrònic: info@solsonacomunicacion.com								</div>
				</div>
					</div>
		</div>
					</div>
		</section>
				</div>

<p>Política de Privacitat De conformitat amb el que s&#8217;estableix en la normativa vigent en Protecció de Dades de Caràcter Personal, l&#8217;informem que les seves dades seran incorporades al sistema de tractament titularitat de SOLSONA COMUNICACIÓN SL amb CIF B61755633 i domicili social situat en ENRIC GRANADOS 145, 2n 1a 08008, BARCELONA, amb la finalitat de [&hellip;]</p>

<!-- This site is optimized with the Yoast SEO plugin v27.4 - https://yoast.com/product/yoast-seo-wordpress/ -->
<title>Política de Privacitat - Solsona Comunicación</title>
<meta name="robots" content="index, follow, max-snippet:-1, max-image-preview:large, max-video-preview:-1" />
<link rel="canonical" href="https://solsonacomunicacion.com/ca/politica-de-privacitat/" />
<meta property="og:locale" content="ca_ES" />
<meta property="og:type" content="article" />
<meta property="og:title" content="Política de Privacitat - Solsona Comunicación" />
<meta property="og:description" content="Política de Privacitat De conformitat amb el que s&#8217;estableix en la normativa vigent en Protecció de Dades de Caràcter Personal, l&#8217;informem que les seves dades seran incorporades al sistema de tractament titularitat de SOLSONA COMUNICACIÓN SL amb CIF B61755633 i domicili social situat en ENRIC GRANADOS 145, 2n 1a 08008, BARCELONA, amb la finalitat de [&hellip;]" />
<meta property="og:url" content="https://solsonacomunicacion.com/ca/politica-de-privacitat/" />
<meta property="og:site_name" content="Solsona Comunicación" />
<meta property="article:modified_time" content="2023-10-10T09:07:04+00:00" />
<meta name="twitter:card" content="summary_large_image" />
<meta name="twitter:label1" content="Temps estimat de lectura" />
	<meta name="twitter:data1" content="2 minuts" />
<script type="application/ld+json" class="yoast-schema-graph">{"@context":"https:\/\/schema.org","@graph":[{"@type":"WebPage","@id":"https:\/\/solsonacomunicacion.com\/ca\/politica-de-privacitat\/","url":"https:\/\/solsonacomunicacion.com\/ca\/politica-de-privacitat\/","name":"Política de Privacitat - Solsona Comunicación","isPartOf":{"@id":"https:\/\/solsonacomunicacion.com\/ca\/#website"},"datePublished":"2020-10-07T09:23:37+00:00","dateModified":"2023-10-10T09:07:04+00:00","breadcrumb":{"@id":"https:\/\/solsonacomunicacion.com\/ca\/politica-de-privacitat\/#breadcrumb"},"inLanguage":"ca","potentialAction":[{"@type":"ReadAction","target":["https:\/\/solsonacomunicacion.com\/ca\/politica-de-privacitat\/"]}]},{"@type":"BreadcrumbList","@id":"https:\/\/solsonacomunicacion.com\/ca\/politica-de-privacitat\/#breadcrumb","itemListElement":[{"@type":"ListItem","position":1,"name":"Home","item":"https:\/\/solsonacomunicacion.com\/ca\/"},{"@type":"ListItem","position":2,"name":"Política de Privacitat"}]},{"@type":"WebSite","@id":"https:\/\/solsonacomunicacion.com\/ca\/#website","url":"https:\/\/solsonacomunicacion.com\/ca\/","name":"Solsona Comunicación","description":"Agencia global de comunicación y relaciones públicas que colabora en la construcción e implantación de sólidas estrategias, con el objetivo de aportar valor a las distintas empresas y organizaciones con las que colabora.","publisher":{"@id":"https:\/\/solsonacomunicacion.com\/ca\/#organization"},"potentialAction":[{"@type":"SearchAction","target":{"@type":"EntryPoint","urlTemplate":"https:\/\/solsonacomunicacion.com\/ca\/?s={search_term_string}"},"query-input":{"@type":"PropertyValueSpecification","valueRequired":true,"valueName":"search_term_string"}}],"inLanguage":"ca"},{"@type":"Organization","@id":"https:\/\/solsonacomunicacion.com\/ca\/#organization","name":"Solsona Comunicación","url":"https:\/\/solsonacomunicacion.com\/ca\/","logo":{"@type":"ImageObject","inLanguage":"ca","@id":"https:\/\/solsonacomunicacion.com\/ca\/#\/schema\/logo\/image\/","url":"https:\/\/solsonacomunicacion.com\/wp-content\/uploads\/2020\/10\/Logo-blanco-web-1.png","contentUrl":"https:\/\/solsonacomunicacion.com\/wp-content\/uploads\/2020\/10\/Logo-blanco-web-1.png","width":1642,"height":455,"caption":"Solsona Comunicación"},"image":{"@id":"https:\/\/solsonacomunicacion.com\/ca\/#\/schema\/logo\/image\/"}}]}</script>
<!-- / Yoast SEO plugin. -->

Política de Privacitat - Solsona Comunicación

Política de Privacitat De conformitat amb el que s&#8217;estableix en la normativa vigent en Protecció de Dades de Caràcter Personal, l&#8217;informem que les seves dades seran incorporades al sistema de tractament titularitat de SOLSONA COMUNICACIÓN SL amb CIF B61755633 i domicili social situat en ENRIC GRANADOS 145, 2n 1a 08008, BARCELONA, amb la finalitat de [&hellip;]

Solsona Comunicación

Agencia global de comunicación y relaciones públicas que colabora en la construcción e implantación de sólidas estrategias, con el objetivo de aportar valor a las distintas empresas y organizaciones con las que colabora.
